{"id":1091,"date":"2018-05-31T15:19:42","date_gmt":"2018-05-31T14:19:42","guid":{"rendered":"https:\/\/www.lange-foerdersysteme.de\/?page_id=1091"},"modified":"2020-05-01T18:53:25","modified_gmt":"2020-05-01T17:53:25","slug":"unternehmen","status":"publish","type":"page","link":"https:\/\/www.lange-foerdersysteme.de\/?page_id=1091","title":{"rendered":"Unser Unternehmen"},"content":{"rendered":"<p>Unser Unternehmen existiert bereits seit \u00fcber 30 Jahren und gewann in den Jahren nicht nur an Gr\u00f6\u00dfe zu. Zahlreiche zufriedene Kunden und Partner aus der:<\/p>\n<p><strong>\u2022 Automobilindustrie und deren Zulieferer<br \/>\n\u2022 Elektro- und Elektronikindustrie<br \/>\n\u2022 Metallindustrie<br \/>\n\u2022 Kunststoffindustrie<br \/>\n\u2022 Pharmaindustrie<br \/>\n\u2022 Getr\u00e4nkeindustrie<br \/>\n\u2022 Lebensmittelindustrie<br \/>\n\u2022 chemischen Industrie<br \/>\n\u2022 kosmetischen Industrie<br \/>\n\u2022 Glasindustrie<br \/>\n\u2022 Papierindustrie<\/strong><\/p>\n<p>bereichern unser Portofolio und verlassen sich zuversichtlich auf unsere Erfahrungen und Fertigungskenntnisse.<\/p>\n","protected":false},"excerpt":{"rendered":"<p>Unser Unternehmen existiert bereits seit \u00fcber 30 Jahren und gewann in den Jahren nicht nur an Gr\u00f6\u00dfe zu. Zahlreiche zufriedene Kunden und Partner aus der: \u2022 Automobilindustrie und deren Zulieferer \u2022 Elektro- und Elektronikindustrie \u2022 Metallindustrie \u2022 Kunststoffindustrie \u2022 Pharmaindustrie \u2022 Getr\u00e4nkeindustrie \u2022 Lebensmittelindustrie \u2022 chemischen Industrie \u2022 kosmetischen Industrie \u2022 Glasindustrie \u2022 Papierindustrie bereichern unser Portofolio und verlassen sich zuversichtlich auf unsere Erfahrungen und Fertigungskenntnisse.<\/p>\n","protected":false},"author":1,"featured_media":0,"parent":0,"menu_order":0,"comment_status":"closed","ping_status":"closed","template":"","meta":[],"_links":{"self":[{"href":"https:\/\/www.lange-foerdersysteme.de\/index.php?rest_route=\/wp\/v2\/pages\/1091"}],"collection":[{"href":"https:\/\/www.lange-foerdersysteme.de\/index.php?rest_route=\/wp\/v2\/pages"}],"about":[{"href":"https:\/\/www.lange-foerdersysteme.de\/index.php?rest_route=\/wp\/v2\/types\/page"}],"author":[{"embeddable":true,"href":"https:\/\/www.lange-foerdersysteme.de\/index.php?rest_route=\/wp\/v2\/users\/1"}],"replies":[{"embeddable":true,"href":"https:\/\/www.lange-foerdersysteme.de\/index.php?rest_route=%2Fwp%2Fv2%2Fcomments&post=1091"}],"version-history":[{"count":6,"href":"https:\/\/www.lange-foerdersysteme.de\/index.php?rest_route=\/wp\/v2\/pages\/1091\/revisions"}],"predecessor-version":[{"id":1163,"href":"https:\/\/www.lange-foerdersysteme.de\/index.php?rest_route=\/wp\/v2\/pages\/1091\/revisions\/1163"}],"wp:attachment":[{"href":"https:\/\/www.lange-foerdersysteme.de\/index.php?rest_route=%2Fwp%2Fv2%2Fmedia&parent=1091"}],"curies":[{"name":"wp","href":"https:\/\/api.w.org\/{rel}","templated":true}]}}